is the remainder when 209336 is divided by 28?
8
Calculate the remainder when 45422 is divided by 7568.
14
What is the remainder when 18367 is divided by 3039?
133
Calculate the remainder when 11352 is divided by 307.
300
What is the remainder when 8280 is divided by 87?
15
What is the remainder when 135632 is divided by 67809?
14
What is the remainder when 9657 is divided by 276?
273
Calculate the remainder when 23801 is divided by 11.
8
Calculate the remainder when 9575782 is divided by 36.
34
What is the remainder when 101360 is divided by 218?
208
What is the remainder when 6951 is divided by 82?
63
What is the remainder when 55840 is divided by 393?
34
What is the remainder when 22626 is divided by 666?
648
Calculate the remainder when 549 is divided by 80.
69
What is the remainder when 1893 is divided by 939?
15
Calculate the remainder when 329325 is divided by 151.
145
What is the remainder when 7476 is divided by 74?
2
What is the remainder when 7757 is divided by 87?
14
Calculate the remainder when 15959 is divided by 1607.
1496
What is the remainder when 24729 is divided by 24717?
12
Calculate the remainder when 188486 is divided by 9.
8
Calculate the remainder when 579930 is divided by 9.
6
What is the remainder when 298 is divided by 39?
25
What is the remainder when 321020 is divided by 3000?
20
What is the remainder when 98909 is divided by 90?
89
Calculate the remainder when 15117 is divided by 657.
6
Calculate the remainder when 26416 is divided by 159.
22
Calculate the remainder when 97074 is divided by 24.
18
What is the remainder when 15379 is divided by 7685?
9
Calculate the remainder when 61285 is divided by 338.
107
What is the remainder when 5046 is divided by 104?
54
Calculate the remainder when 561 is divided by 97.
76
Calculate the remainder when 669 is divided by 241.
187
Calculate the remainder when 12359 is divided by 136.
119
Calculate the remainder when 145950 is divided by 48649.
3
What is the remainder when 9440 is divided by 4260?
920
What is the remainder when 767 is divided by 729?
38
What is the remainder when 10398 is divided by 85?
28
What is the remainder when 291881 is divided by 36484?
9
Calculate the remainder when 9984 is divided by 64.
0
Calculate the remainder when 1841 is divided by 81.
59
Calculate the remainder when 3418 is divided by 41.
15
What is the remainder when 16786 is divided by 5589?
19
Calculate the remainder when 833000 is divided by 92553.
23
What is the remainder when 248225 is divided by 49633?
60
What is the remainder when 43519 is divided by 80?
79
What is the remainder when 120059 is divided by 2265?
14
What is the remainder when 560 is divided by 396?
164
Calculate the remainder when 6814023 is divided by 69.
66
What is the remainder when 7056 is divided by 216?
144
What is the remainder when 36075 is divided by 176?
171
Calculate the remainder when 4879271 is divided by 136.
135
What is the remainder when 5119 is divided by 193?
101
Calculate the remainder when 4559 is divided by 716.
263
Calculate the remainder when 798 is divided by 203.
189
Calculate the remainder when 36371 is divided by 375.
371
What is the remainder when 98750 is divided by 49365?
20
Calculate the remainder when 400637 is divided by 772.
741
What is the remainder when 5102 is divided by 618?
158
Calculate the remainder when 4525156 is divided by 253.
251
Calculate the remainder when 888 is divided by 188.
136
What is the remainder when 28425 is divided by 466?
465
Calculate the remainder when 6034846 is divided by 13.
12
Calculate the remainder when 196465 is divided by 4180.
5
What is the remainder when 22697 is divided by 1261?
1260
Calculate the remainder when 422 is divided by 404.
18
What is the remainder when 4285 is divided by 126?
1
What is the remainder when 45231 is divided by 126?
123
Calculate the remainder when 11081 is divided by 2753.
69
Calculate the remainder when 555491 is divided by 34.
33
What is the remainder when 34934 is divided by 3493?
4
What is the remainder when 2761 is divided by 23?
1
What is the remainder when 113473 is divided by 56722?
29
What is the remainder when 14104 is divided by 26?
12
What is the remainder when 12371 is divided by 68?
63
What is the remainder when 161283 is divided by 116?
43
What is the remainder when 58545 is divided by 154?
25
Calculate the remainder when 5288 is divided by 1624.
416
What is the remainder when 66321 is divided by 11050?
21
What is the remainder when 60389 is divided by 107?
41
Calculate the remainder when 7580 is divided by 35.
20
Calculate the remainder when 21704 is divided by 268.
264
What is the remainder when 63640 is divided by 190?
180
Calculate the remainder when 342366 is divided by 70.
66
Calculate the remainder when 1820 is divided by 907.
6
Calculate the remainder when 49885 is divided by 16.
13
What is the remainder when 170458 is divided by 6313?
7
Calculate the remainder when 1182 is divided by 1174.
8
Calculate the remainder when 1888 is divided by 409.
252
What is the remainder when 3677768 is divided by 42?
38
Calculate the remainder when 757 is divided by 12.
1
Calculate the remainder when 24825 is divided by 10.
5
Calculate the remainder when 1088 is divided by 100.
88
What is the remainder when 71892 is divided by 3783?
15
Calculate the remainder when 16199 is divided by 2692.
47
Calculate the remainder when 33839 is divided by 35.
29
Calculate the remainder when 28536 is divided by 28396.
140
What is the remainder when 3418 is divided by 820?
138
What is the remainder when 199818 is divided by 117?
99
What is the remainder when 12262 is divided by 409?
401
What is the remainder when 3854 is divided by 316?
62
Calculate the remainder when 74062 is divided by 37015.
32
Calculate the remainder when 38470 is divided by 15.
10
Calculate the remainder when 15497 is divided by 3874.
1
What is the remainder when 2502 is divided by 806?
84
What is the remainder when 1802 is divided by 440?
42
What is the remainder when 91565 is divided by 26?
19
Calculate the remainder when 20857 is divided by 54.
13
Calculate the remainder when 8220 is divided by 4058.
104
What is the remainder when 3041 is divided by 617?
573
What is the remainder when 33404 is divided by 116?
112
What is the remainder when 48785 is divided by 3251?
20
What is the remainder when 662068 is divided by 43?
40
What is the remainder when 24752 is divided by 4?
0
Calculate the remainder when 1454 is divided by 94.
44
Calculate the remainder when 3985 is divided by 3748.
237
What is the remainder when 995 is divided by 497?
1
Calculate the remainder when 923242 is divided by 348.
346
Calculate the remainder when 3073 is divided by 106.
105
What is the remainder when 9395 is divided by 4690?
15
What is the remainder when 4059 is divided by 576?
27
Calculate the remainder when 20095 is divided by 300.
295
What is the remainder when 8874 is divided by 292?
114
Calculate the remainder when 16168 is divided by 150.
118
Calculate the remainder when 14310 is divided by 2794.
340
Calculate the remainder when 20878 is divided by 48.
46
What is the remainder when 168 is divided by 26?
12
Calculate the remainder when 26376 is divided by 26357.
19
What is the remainder when 4244 is divided by 1057?
16
Calculate the remainder when 5086 is divided by 1430.
796
What is the remainder when 19378 is divided by 1384?
2
Calculate the remainder when 16979 is divided by 2823.
41
Calculate the remainder when 1150 is divided by 225.
25
What is the remainder when 5404 is divided by 338?
334
Calculate the remainder when 347 is divided by 257.
90
What is the remainder when 326731 is divided by 170?
161
What is the remainder when 475768 is divided by 336?
328
Calculate the remainder when 1009 is divided by 214.
153
What is the remainder when 2098 is divided by 348?
10
Calculate the remainder when 35096 is divided by 300.
296
What is the remainder when 80514 is divided by 1151?
1095
What is the remainder when 4058 is divided by 1333?
59
Calculate the remainder when 39023 is divided by 144.
143
What is the remainder when 92210 is divided by 155?
140
Calculate the remainder when 49028 is divided by 24462.
104
Calculate the remainder when 436701 is divided by 16.
13
Calculate the 